{"id":610,"date":"2021-12-04T16:43:33","date_gmt":"2021-12-04T15:43:33","guid":{"rendered":"https:\/\/tsvettlingen.live-website.com\/?page_id=610"},"modified":"2024-10-08T21:08:20","modified_gmt":"2024-10-08T19:08:20","slug":"ah-sport","status":"publish","type":"page","link":"https:\/\/tsv-ettlingen.de\/tsv\/sportangebot\/ah-sport","title":{"rendered":"AH-Sport"},"content":{"rendered":"\n<div id=\"wp-block-themeisle-blocks-advanced-columns-50d76ec4\" class=\"wp-block-themeisle-blocks-advanced-columns alignfull has-1-columns has-desktop-equal-layout has-tablet-equal-layout has-mobile-equal-layout has-vertical-center has-dark-bg\"><div class=\"wp-block-themeisle-blocks-advanced-columns-overlay\"><\/div><div class=\"innerblocks-wrap\">\n<div id=\"wp-block-themeisle-blocks-advanced-column-4d049713\" class=\"wp-block-themeisle-blocks-advanced-column\">\n<h1 id=\"wp-block-themeisle-blocks-advanced-heading-706f65a4\" class=\"wp-block-themeisle-blocks-advanced-heading wp-block-themeisle-blocks-advanced-heading-706f65a4\">AH-Sport<\/h1>\n<\/div>\n<\/div><\/div>\n\n\n\n<div id=\"wp-block-themeisle-blocks-advanced-columns-067b2718\" class=\"wp-block-themeisle-blocks-advanced-columns has-1-columns has-desktop-equal-layout has-tablet-equal-layout has-mobile-equal-layout has-vertical-unset has-default-gap\"><div class=\"wp-block-themeisle-blocks-advanced-columns-overlay\"><\/div><div class=\"innerblocks-wrap\">\n<div id=\"wp-block-themeisle-blocks-advanced-column-07204482\" class=\"wp-block-themeisle-blocks-advanced-column\"><div class=\"breadcrumbs align  wp-block-bcn-breadcrumb-trail has-text-color has-background\" vocab=\"https:\/\/schema.org\/\" typeof=\"BreadcrumbList\">\n\t<span><\/span>\n\t<span property=\"itemListElement\" typeof=\"ListItem\"><a property=\"item\" typeof=\"WebPage\" title=\"Gehe zu TSV Ettlingen.\" href=\"https:\/\/tsv-ettlingen.de\/tsv\" class=\"home\" ><span property=\"name\">TSV Ettlingen<\/span><\/a><meta property=\"position\" content=\"1\"><\/span> &gt; <span property=\"itemListElement\" typeof=\"ListItem\"><a property=\"item\" typeof=\"WebPage\" title=\"Gehe zu Beitr\u00e4ge.\" href=\"https:\/\/tsv-ettlingen.de\/tsv\/beitraege\" class=\"post-root post post-post\" aria-current=\"page\"><span property=\"name\">Beitr\u00e4ge<\/span><\/a><meta property=\"position\" content=\"2\"><\/span><\/div>\n<\/div>\n<\/div><\/div>\n\n\n\n<div id=\"wp-block-themeisle-blocks-advanced-columns-90bf109c\" class=\"wp-block-themeisle-blocks-advanced-columns has-1-columns has-desktop-equal-layout has-tablet-equal-layout has-mobile-equal-layout has-vertical-flex-start has-default-gap\"><div class=\"wp-block-themeisle-blocks-advanced-columns-overlay\"><\/div><div class=\"innerblocks-wrap\">\n<div id=\"wp-block-themeisle-blocks-advanced-column-d44d9e57\" class=\"wp-block-themeisle-blocks-advanced-column\">\n<span id=\"wp-block-themeisle-blocks-advanced-heading-2e56d3c2\" class=\"wp-block-themeisle-blocks-advanced-heading wp-block-themeisle-blocks-advanced-heading-2e56d3c2\"><strong>ALTES EISEN &#8211; ADE!<\/strong><\/span>\n\n\n\n<h2 class=\"wp-block-heading wp-block-themeisle-blocks-advanced-heading wp-block-themeisle-blocks-advanced-heading-a3e4dce8\" id=\"wp-block-themeisle-blocks-advanced-heading-a3e4dce8\">AH-Sport<\/h2>\n\n\n\n<p><em>&#8222;Wer alt werden will, muss fr\u00fch damit anfangen jung zu bleiben!<\/em>&#8222;<\/p>\n\n\n\n<p>Dass die \u201eAlten Herren&#8220; noch lange nicht zum alten Eisen geh\u00f6ren, zeigen sie jede Woche aufs Neue. <br>Mit sportlicher Gymnastik wird dem Anfall von Rost entgegengewirkt.  <\/p>\n\n\n\n<p>Erg\u00e4nzt wird das Angebot von September bis zum Sommer mit der w\u00f6chentlichen Wassergymnastik.<\/p>\n<\/div>\n<\/div><\/div>\n\n\n\n<div id=\"wp-block-themeisle-blocks-advanced-columns-bdae97de\" class=\"wp-block-themeisle-blocks-advanced-columns has-2-columns has-desktop-equal-layout has-tablet-equal-layout has-mobile-equal-layout has-vertical-unset has-default-gap\"><div class=\"wp-block-themeisle-blocks-advanced-columns-overlay\"><\/div><div class=\"innerblocks-wrap\">\n<div id=\"wp-block-themeisle-blocks-advanced-column-9a6bb62c\" class=\"wp-block-themeisle-blocks-advanced-column\"><div class=\"wp-block-image\">\n<figure class=\"aligncenter size-large is-resized\"><img loading=\"lazy\" decoding=\"async\" width=\"1024\" height=\"1024\" src=\"http:\/\/tsv-ettlingen.de\/tsv\/wp-content\/uploads\/2021\/08\/Website_icons_AH-1024x1024.png\" alt=\"\" class=\"wp-image-472\" style=\"width:256px;height:256px\" srcset=\"https:\/\/tsv-ettlingen.de\/tsv\/wp-content\/uploads\/2021\/08\/Website_icons_AH-1024x1024.png 1024w, https:\/\/tsv-ettlingen.de\/tsv\/wp-content\/uploads\/2021\/08\/Website_icons_AH-300x300.png 300w, https:\/\/tsv-ettlingen.de\/tsv\/wp-content\/uploads\/2021\/08\/Website_icons_AH-150x150.png 150w, https:\/\/tsv-ettlingen.de\/tsv\/wp-content\/uploads\/2021\/08\/Website_icons_AH-768x768.png 768w, https:\/\/tsv-ettlingen.de\/tsv\/wp-content\/uploads\/2021\/08\/Website_icons_AH-1536x1536.png 1536w, https:\/\/tsv-ettlingen.de\/tsv\/wp-content\/uploads\/2021\/08\/Website_icons_AH.png 2001w\" sizes=\"auto, (max-width: 1024px) 100vw, 1024px\" \/><\/figure>\n<\/div>\n\n\n<div style=\"height:50px\" aria-hidden=\"true\" class=\"wp-block-spacer\"><\/div>\n\n\n\n<h3 id=\"wp-block-themeisle-blocks-advanced-heading-ef45a339\" class=\"wp-block-themeisle-blocks-advanced-heading wp-block-themeisle-blocks-advanced-heading-ef45a339\">Wassergymnastik<\/h3>\n\n\n\n<p>Ein <strong>schonendes Allroundprogramm f\u00fcr M\u00e4nner und Frauen<\/strong>:<br>Die spezielle Gymnastik im Wasser ist mit ihren weichen Bewegungen eine sehr gelenkschonende Art Sport zu treiben.<\/p>\n\n\n\n<p>Au\u00dfer der \u00fcblichen Badebekleidung und Duschutensilien ist nur die Begeisterung f\u00fcrs nasse Element mitzubringen.<\/p>\n\n\n\n<hr class=\"wp-block-separator has-css-opacity is-style-wide\"\/>\n\n\n\n<p class=\"has-text-align-center\"><strong>Ansprechpartner:<\/strong><br>Bernd Rau<br>Tel:<strong> <\/strong>07243 13338<\/p>\n\n\n\n<hr class=\"wp-block-separator has-css-opacity is-style-wide\"\/>\n\n\n\n<p class=\"has-text-align-center\">Neue Lehrschwimmhalle beim Albgaubad, Luisenstra\u00dfe<\/p>\n\n\n\n<p class=\"has-text-align-center has-neve-link-hover-color-color has-text-color\">Sportangebot von September bis zum Sommer <\/p>\n\n\n\n<div id=\"wp-block-themeisle-blocks-button-group-78bd9041\" class=\"wp-block-themeisle-blocks-button-group wp-block-buttons align-center-desktop\">\n<div id=\"wp-block-themeisle-blocks-button-5480b7f8\" class=\"wp-block-themeisle-blocks-button wp-block-button is-style-fill\"><a target=\"_self\" rel=\"noopener noreferrer\" class=\"wp-block-button__link\"><i class=\"far fa-fw fa-clock margin-right\"><\/i><span>Dienstag, 16:30 &#8211; 17:30 Uhr, Zugang ab 16:15 Uhr <\/span><\/a><\/div>\n<\/div>\n<\/div>\n\n\n\n<div id=\"wp-block-themeisle-blocks-advanced-column-5f62d9bf\" class=\"wp-block-themeisle-blocks-advanced-column\"><div class=\"wp-block-image\">\n<figure class=\"aligncenter size-full\"><img loading=\"lazy\" decoding=\"async\" width=\"283\" height=\"213\" src=\"http:\/\/tsv-ettlingen.de\/tsv\/wp-content\/uploads\/Maenner-Gymnastik.jpg\" alt=\"M\u00e4nner-Gymnastik\" class=\"wp-image-594\"\/><\/figure>\n<\/div>\n\n\n<div style=\"height:50px\" aria-hidden=\"true\" class=\"wp-block-spacer\"><\/div>\n\n\n\n<h3 id=\"wp-block-themeisle-blocks-advanced-heading-a645e42b\" class=\"wp-block-themeisle-blocks-advanced-heading wp-block-themeisle-blocks-advanced-heading-a645e42b\">M\u00e4nner-Gymnastik mit Pfiff<\/h3>\n\n\n\n<p>Unser Slogan hei\u00dft&nbsp;<strong>Fit bleiben durch Bewegung!<\/strong><br>Ganz locker bringen wir zun\u00e4chst unseren Kreislauf in Schwung, um dann die Knochen von Kopf bis Fu\u00df durchzusch\u00fctteln. Entspannt wird anschlie\u00dfend im Clubraum, wozu dann auch passive Ehemalige sto\u00dfen. Dort werden die Geselligkeiten, wie Stammtische, Tagestouren, der Jahresausflug und die Abschlussfeier abgesprochen. <\/p>\n\n\n\n<p>Einstieg ist jederzeit m\u00f6glich. Bitte leichte Sportbekleidung und Hallenschuhe&nbsp;mitbringen und schon kann&#8217;s losgehen!<\/p>\n\n\n\n<hr class=\"wp-block-separator has-css-opacity is-style-wide\"\/>\n\n\n\n<p class=\"has-text-align-center\"><strong>Ansprechpartner:<\/strong><br>Bernd Rau<br>Tel: 07243 13338<\/p>\n\n\n\n<hr class=\"wp-block-separator has-css-opacity is-style-wide\"\/>\n\n\n\n<p class=\"has-text-align-center\">Hellbergsporthalle, Sch\u00f6llbronnerstra\u00dfe 78<br>Bei w\u00e4rmeren Temperaturen nebenan auf dem Freiplatz.<\/p>\n\n\n\n<p class=\"has-text-align-center\">Ganzj\u00e4hriges Sportangebot<\/p>\n\n\n\n<div id=\"wp-block-themeisle-blocks-button-group-0166be78\" class=\"wp-block-themeisle-blocks-button-group wp-block-buttons align-center-desktop\">\n<div id=\"wp-block-themeisle-blocks-button-92cf77b9\" class=\"wp-block-themeisle-blocks-button wp-block-button\"><a target=\"_self\" rel=\"noopener noreferrer\" class=\"wp-block-button__link\"><i class=\"far fa-fw fa-clock margin-right\"><\/i><span>Mittwoch, 18:30 &#8211; 19:15 Uhr<\/span><\/a><\/div>\n<\/div>\n<\/div>\n<\/div><\/div>\n\n\n\n<hr class=\"wp-block-separator has-alpha-channel-opacity is-style-wide\"\/>\n","protected":false},"excerpt":{"rendered":"","protected":false},"author":1,"featured_media":472,"parent":262,"menu_order":0,"comment_status":"closed","ping_status":"closed","template":"page-templates\/template-pagebuilder-full-width.php","meta":{"neve_meta_sidebar":"full-width","neve_meta_container":"","neve_meta_enable_content_width":"on","neve_meta_content_width":100,"neve_meta_title_alignment":"","neve_meta_author_avatar":"","neve_post_elements_order":"","neve_meta_disable_header":"","neve_meta_disable_footer":"","neve_meta_disable_title":"","_themeisle_gutenberg_block_has_review":false,"footnotes":""},"class_list":["post-610","page","type-page","status-publish","has-post-thumbnail","hentry"],"yoast_head":"<!-- This site is optimized with the Yoast SEO plugin v27.3 - https:\/\/yoast.com\/product\/yoast-seo-wordpress\/ -->\n<title>AH-Sport - TSV Ettlingen<\/title>\n<meta name=\"description\" content=\"Die &quot;Alten Herren&quot; wirken mit sportlicher Gymnastik dem Anfall von Rost entgegen, sei es im Wasser, in der Sporthalle oder im Clubraum.\" \/>\n<meta name=\"robots\" content=\"index, follow, max-snippet:-1, max-image-preview:large, max-video-preview:-1\" \/>\n<link rel=\"canonical\" href=\"https:\/\/tsv-ettlingen.de\/tsv\/sportangebot\/ah-sport\" \/>\n<meta property=\"og:locale\" content=\"de_DE\" \/>\n<meta property=\"og:type\" content=\"article\" \/>\n<meta property=\"og:title\" content=\"AH-Sport - TSV Ettlingen\" \/>\n<meta property=\"og:description\" content=\"Die &quot;Alten Herren&quot; wirken mit sportlicher Gymnastik dem Anfall von Rost entgegen, sei es im Wasser, in der Sporthalle oder im Clubraum.\" \/>\n<meta property=\"og:url\" content=\"https:\/\/tsv-ettlingen.de\/tsv\/sportangebot\/ah-sport\" \/>\n<meta property=\"og:site_name\" content=\"TSV Ettlingen\" \/>\n<meta property=\"article:modified_time\" content=\"2024-10-08T19:08:20+00:00\" \/>\n<meta property=\"og:image\" content=\"https:\/\/tsv-ettlingen.de\/tsv\/wp-content\/uploads\/2021\/08\/Website_icons_AH.png\" \/>\n\t<meta property=\"og:image:width\" content=\"2001\" \/>\n\t<meta property=\"og:image:height\" content=\"2001\" \/>\n\t<meta property=\"og:image:type\" content=\"image\/png\" \/>\n<meta name=\"twitter:card\" content=\"summary_large_image\" \/>\n<meta name=\"twitter:label1\" content=\"Gesch\u00e4tzte Lesezeit\" \/>\n\t<meta name=\"twitter:data1\" content=\"2\u00a0Minuten\" \/>\n<script type=\"application\/ld+json\" class=\"yoast-schema-graph\">{\"@context\":\"https:\\\/\\\/schema.org\",\"@graph\":[{\"@type\":\"WebPage\",\"@id\":\"https:\\\/\\\/tsv-ettlingen.de\\\/tsv\\\/sportangebot\\\/ah-sport\",\"url\":\"https:\\\/\\\/tsv-ettlingen.de\\\/tsv\\\/sportangebot\\\/ah-sport\",\"name\":\"AH-Sport - TSV Ettlingen\",\"isPartOf\":{\"@id\":\"https:\\\/\\\/tsv-ettlingen.de\\\/tsv\\\/#website\"},\"primaryImageOfPage\":{\"@id\":\"https:\\\/\\\/tsv-ettlingen.de\\\/tsv\\\/sportangebot\\\/ah-sport#primaryimage\"},\"image\":{\"@id\":\"https:\\\/\\\/tsv-ettlingen.de\\\/tsv\\\/sportangebot\\\/ah-sport#primaryimage\"},\"thumbnailUrl\":\"https:\\\/\\\/tsv-ettlingen.de\\\/tsv\\\/wp-content\\\/uploads\\\/2021\\\/08\\\/Website_icons_AH.png\",\"datePublished\":\"2021-12-04T15:43:33+00:00\",\"dateModified\":\"2024-10-08T19:08:20+00:00\",\"description\":\"Die \\\"Alten Herren\\\" wirken mit sportlicher Gymnastik dem Anfall von Rost entgegen, sei es im Wasser, in der Sporthalle oder im Clubraum.\",\"breadcrumb\":{\"@id\":\"https:\\\/\\\/tsv-ettlingen.de\\\/tsv\\\/sportangebot\\\/ah-sport#breadcrumb\"},\"inLanguage\":\"de\",\"potentialAction\":[{\"@type\":\"ReadAction\",\"target\":[\"https:\\\/\\\/tsv-ettlingen.de\\\/tsv\\\/sportangebot\\\/ah-sport\"]}]},{\"@type\":\"ImageObject\",\"inLanguage\":\"de\",\"@id\":\"https:\\\/\\\/tsv-ettlingen.de\\\/tsv\\\/sportangebot\\\/ah-sport#primaryimage\",\"url\":\"https:\\\/\\\/tsv-ettlingen.de\\\/tsv\\\/wp-content\\\/uploads\\\/2021\\\/08\\\/Website_icons_AH.png\",\"contentUrl\":\"https:\\\/\\\/tsv-ettlingen.de\\\/tsv\\\/wp-content\\\/uploads\\\/2021\\\/08\\\/Website_icons_AH.png\",\"width\":2001,\"height\":2001},{\"@type\":\"BreadcrumbList\",\"@id\":\"https:\\\/\\\/tsv-ettlingen.de\\\/tsv\\\/sportangebot\\\/ah-sport#breadcrumb\",\"itemListElement\":[{\"@type\":\"ListItem\",\"position\":1,\"name\":\"Startseite\",\"item\":\"https:\\\/\\\/tsv-ettlingen.de\\\/tsv\\\/\"},{\"@type\":\"ListItem\",\"position\":2,\"name\":\"Sportangebot\",\"item\":\"https:\\\/\\\/tsv-ettlingen.de\\\/tsv\\\/sportangebot\"},{\"@type\":\"ListItem\",\"position\":3,\"name\":\"AH-Sport\"}]},{\"@type\":\"WebSite\",\"@id\":\"https:\\\/\\\/tsv-ettlingen.de\\\/tsv\\\/#website\",\"url\":\"https:\\\/\\\/tsv-ettlingen.de\\\/tsv\\\/\",\"name\":\"TSV Ettlingen\",\"description\":\"Zusammenhalt leben!\",\"publisher\":{\"@id\":\"https:\\\/\\\/tsv-ettlingen.de\\\/tsv\\\/#organization\"},\"potentialAction\":[{\"@type\":\"SearchAction\",\"target\":{\"@type\":\"EntryPoint\",\"urlTemplate\":\"https:\\\/\\\/tsv-ettlingen.de\\\/tsv\\\/?s={search_term_string}\"},\"query-input\":{\"@type\":\"PropertyValueSpecification\",\"valueRequired\":true,\"valueName\":\"search_term_string\"}}],\"inLanguage\":\"de\"},{\"@type\":\"Organization\",\"@id\":\"https:\\\/\\\/tsv-ettlingen.de\\\/tsv\\\/#organization\",\"name\":\"TSV Ettlingen e.V.\",\"url\":\"https:\\\/\\\/tsv-ettlingen.de\\\/tsv\\\/\",\"logo\":{\"@type\":\"ImageObject\",\"inLanguage\":\"de\",\"@id\":\"https:\\\/\\\/tsv-ettlingen.de\\\/tsv\\\/#\\\/schema\\\/logo\\\/image\\\/\",\"url\":\"https:\\\/\\\/tsv-ettlingen.de\\\/tsv\\\/wp-content\\\/uploads\\\/2021\\\/05\\\/LOGO_Farbe.jpg\",\"contentUrl\":\"https:\\\/\\\/tsv-ettlingen.de\\\/tsv\\\/wp-content\\\/uploads\\\/2021\\\/05\\\/LOGO_Farbe.jpg\",\"width\":2008,\"height\":1181,\"caption\":\"TSV Ettlingen e.V.\"},\"image\":{\"@id\":\"https:\\\/\\\/tsv-ettlingen.de\\\/tsv\\\/#\\\/schema\\\/logo\\\/image\\\/\"},\"sameAs\":[\"https:\\\/\\\/www.instagram.com\\\/tsv_ettlingen\\\/\"]}]}<\/script>\n<!-- \/ Yoast SEO plugin. -->","yoast_head_json":{"title":"AH-Sport - TSV Ettlingen","description":"Die \"Alten Herren\" wirken mit sportlicher Gymnastik dem Anfall von Rost entgegen, sei es im Wasser, in der Sporthalle oder im Clubraum.","robots":{"index":"index","follow":"follow","max-snippet":"max-snippet:-1","max-image-preview":"max-image-preview:large","max-video-preview":"max-video-preview:-1"},"canonical":"https:\/\/tsv-ettlingen.de\/tsv\/sportangebot\/ah-sport","og_locale":"de_DE","og_type":"article","og_title":"AH-Sport - TSV Ettlingen","og_description":"Die \"Alten Herren\" wirken mit sportlicher Gymnastik dem Anfall von Rost entgegen, sei es im Wasser, in der Sporthalle oder im Clubraum.","og_url":"https:\/\/tsv-ettlingen.de\/tsv\/sportangebot\/ah-sport","og_site_name":"TSV Ettlingen","article_modified_time":"2024-10-08T19:08:20+00:00","og_image":[{"width":2001,"height":2001,"url":"https:\/\/tsv-ettlingen.de\/tsv\/wp-content\/uploads\/2021\/08\/Website_icons_AH.png","type":"image\/png"}],"twitter_card":"summary_large_image","twitter_misc":{"Gesch\u00e4tzte Lesezeit":"2\u00a0Minuten"},"schema":{"@context":"https:\/\/schema.org","@graph":[{"@type":"WebPage","@id":"https:\/\/tsv-ettlingen.de\/tsv\/sportangebot\/ah-sport","url":"https:\/\/tsv-ettlingen.de\/tsv\/sportangebot\/ah-sport","name":"AH-Sport - TSV Ettlingen","isPartOf":{"@id":"https:\/\/tsv-ettlingen.de\/tsv\/#website"},"primaryImageOfPage":{"@id":"https:\/\/tsv-ettlingen.de\/tsv\/sportangebot\/ah-sport#primaryimage"},"image":{"@id":"https:\/\/tsv-ettlingen.de\/tsv\/sportangebot\/ah-sport#primaryimage"},"thumbnailUrl":"https:\/\/tsv-ettlingen.de\/tsv\/wp-content\/uploads\/2021\/08\/Website_icons_AH.png","datePublished":"2021-12-04T15:43:33+00:00","dateModified":"2024-10-08T19:08:20+00:00","description":"Die \"Alten Herren\" wirken mit sportlicher Gymnastik dem Anfall von Rost entgegen, sei es im Wasser, in der Sporthalle oder im Clubraum.","breadcrumb":{"@id":"https:\/\/tsv-ettlingen.de\/tsv\/sportangebot\/ah-sport#breadcrumb"},"inLanguage":"de","potentialAction":[{"@type":"ReadAction","target":["https:\/\/tsv-ettlingen.de\/tsv\/sportangebot\/ah-sport"]}]},{"@type":"ImageObject","inLanguage":"de","@id":"https:\/\/tsv-ettlingen.de\/tsv\/sportangebot\/ah-sport#primaryimage","url":"https:\/\/tsv-ettlingen.de\/tsv\/wp-content\/uploads\/2021\/08\/Website_icons_AH.png","contentUrl":"https:\/\/tsv-ettlingen.de\/tsv\/wp-content\/uploads\/2021\/08\/Website_icons_AH.png","width":2001,"height":2001},{"@type":"BreadcrumbList","@id":"https:\/\/tsv-ettlingen.de\/tsv\/sportangebot\/ah-sport#breadcrumb","itemListElement":[{"@type":"ListItem","position":1,"name":"Startseite","item":"https:\/\/tsv-ettlingen.de\/tsv\/"},{"@type":"ListItem","position":2,"name":"Sportangebot","item":"https:\/\/tsv-ettlingen.de\/tsv\/sportangebot"},{"@type":"ListItem","position":3,"name":"AH-Sport"}]},{"@type":"WebSite","@id":"https:\/\/tsv-ettlingen.de\/tsv\/#website","url":"https:\/\/tsv-ettlingen.de\/tsv\/","name":"TSV Ettlingen","description":"Zusammenhalt leben!","publisher":{"@id":"https:\/\/tsv-ettlingen.de\/tsv\/#organization"},"potentialAction":[{"@type":"SearchAction","target":{"@type":"EntryPoint","urlTemplate":"https:\/\/tsv-ettlingen.de\/tsv\/?s={search_term_string}"},"query-input":{"@type":"PropertyValueSpecification","valueRequired":true,"valueName":"search_term_string"}}],"inLanguage":"de"},{"@type":"Organization","@id":"https:\/\/tsv-ettlingen.de\/tsv\/#organization","name":"TSV Ettlingen e.V.","url":"https:\/\/tsv-ettlingen.de\/tsv\/","logo":{"@type":"ImageObject","inLanguage":"de","@id":"https:\/\/tsv-ettlingen.de\/tsv\/#\/schema\/logo\/image\/","url":"https:\/\/tsv-ettlingen.de\/tsv\/wp-content\/uploads\/2021\/05\/LOGO_Farbe.jpg","contentUrl":"https:\/\/tsv-ettlingen.de\/tsv\/wp-content\/uploads\/2021\/05\/LOGO_Farbe.jpg","width":2008,"height":1181,"caption":"TSV Ettlingen e.V."},"image":{"@id":"https:\/\/tsv-ettlingen.de\/tsv\/#\/schema\/logo\/image\/"},"sameAs":["https:\/\/www.instagram.com\/tsv_ettlingen\/"]}]}},"_links":{"self":[{"href":"https:\/\/tsv-ettlingen.de\/tsv\/wp-json\/wp\/v2\/pages\/610","targetHints":{"allow":["GET"]}}],"collection":[{"href":"https:\/\/tsv-ettlingen.de\/tsv\/wp-json\/wp\/v2\/pages"}],"about":[{"href":"https:\/\/tsv-ettlingen.de\/tsv\/wp-json\/wp\/v2\/types\/page"}],"author":[{"embeddable":true,"href":"https:\/\/tsv-ettlingen.de\/tsv\/wp-json\/wp\/v2\/users\/1"}],"replies":[{"embeddable":true,"href":"https:\/\/tsv-ettlingen.de\/tsv\/wp-json\/wp\/v2\/comments?post=610"}],"version-history":[{"count":23,"href":"https:\/\/tsv-ettlingen.de\/tsv\/wp-json\/wp\/v2\/pages\/610\/revisions"}],"predecessor-version":[{"id":4163,"href":"https:\/\/tsv-ettlingen.de\/tsv\/wp-json\/wp\/v2\/pages\/610\/revisions\/4163"}],"up":[{"embeddable":true,"href":"https:\/\/tsv-ettlingen.de\/tsv\/wp-json\/wp\/v2\/pages\/262"}],"wp:featuredmedia":[{"embeddable":true,"href":"https:\/\/tsv-ettlingen.de\/tsv\/wp-json\/wp\/v2\/media\/472"}],"wp:attachment":[{"href":"https:\/\/tsv-ettlingen.de\/tsv\/wp-json\/wp\/v2\/media?parent=610"}],"curies":[{"name":"wp","href":"https:\/\/api.w.org\/{rel}","templated":true}]}}